{"id":133,"date":"2020-09-15T06:48:15","date_gmt":"2020-09-15T06:48:15","guid":{"rendered":"https:\/\/comerciodesantander.com\/index.php\/home\/"},"modified":"2022-07-22T11:26:27","modified_gmt":"2022-07-22T11:26:27","slug":"home","status":"publish","type":"page","link":"https:\/\/comerciodesantander.com\/","title":{"rendered":"Home"},"content":{"rendered":"\n<div class=\"wp-block-cover alignfull\" style=\"min-height:750px;aspect-ratio:unset;\"><span aria-hidden=\"true\" class=\"wp-block-cover__background has-background-dim-20 has-background-dim\" style=\"background-color:#000000\"><\/span><img loading=\"lazy\" decoding=\"async\" width=\"2100\" height=\"1397\" class=\"wp-block-cover__image-background wp-image-140\" alt=\"\" src=\"https:\/\/comerciodesantander.com\/wp-content\/uploads\/2022\/07\/fondo1.jpg\" data-object-fit=\"cover\" srcset=\"https:\/\/comerciodesantander.com\/wp-content\/uploads\/2022\/07\/fondo1.jpg 2100w, https:\/\/comerciodesantander.com\/wp-content\/uploads\/2022\/07\/fondo1-300x200.jpg 300w, https:\/\/comerciodesantander.com\/wp-content\/uploads\/2022\/07\/fondo1-1024x681.jpg 1024w, https:\/\/comerciodesantander.com\/wp-content\/uploads\/2022\/07\/fondo1-768x511.jpg 768w, https:\/\/comerciodesantander.com\/wp-content\/uploads\/2022\/07\/fondo1-1536x1022.jpg 1536w, https:\/\/comerciodesantander.com\/wp-content\/uploads\/2022\/07\/fondo1-2048x1362.jpg 2048w\" sizes=\"auto, (max-width: 2100px) 100vw, 2100px\" \/><div class=\"wp-block-cover__inner-container is-layout-flow wp-block-cover-is-layout-flow\">\n<h3 class=\"has-text-align-center has-text-color wp-block-heading\" style=\"color:#ffffff\">Asociaci\u00f3n de Comerciantes de Santander<\/h3>\n\n\n\n<hr class=\"wp-block-separator has-text-color has-css-opacity has-background aligncenter\" style=\"background-color:#ffffff;color:#ffffff\"\/>\n\n\n\n<h1 class=\"has-text-align-center has-text-color wp-block-heading\" style=\"color:#ffffff\">ACEAS<\/h1>\n\n\n\n<div class=\"wp-block-buttons is-horizontal is-content-justification-center is-layout-flex wp-container-core-buttons-is-layout-03627597 wp-block-buttons-is-layout-flex\"><\/div>\n<\/div><\/div>\n\n\n\n<div class=\"inherit-container-width wp-block-group alignfull has-ast-global-color-4-background-color has-background is-layout-constrained wp-block-group-is-layout-constrained\"><div class=\"wp-block-group__inner-container\">\n<h2 class=\"has-text-align-center wp-block-heading\" id=\"asociacion\">SOBRE LA ASOCIACI\u00d3N<\/h2>\n\n\n\n<p class=\"has-text-align-center has-ast-global-color-4-background-color has-background\">La Asociaci\u00f3n de Comerciantes de Santander &#8211; ACEAS representa los intereses de los profesionales <br>del comercio minorista del municipio de Santander. Con m\u00e1s de 100 establecimientos asociados, <br>que incluyen todas las \u00e1reas de actividad presentes en el sector, la asociaci\u00f3n trata de responder <br>a las necesidades de los empresarios de la ciudad, proporcionando toda la <br>informaci\u00f3n y servicios necesarios para el mejor funcionamiento de sus negocios.<\/p>\n\n\n\n<div class=\"inherit-container-width wp-block-group alignfull has-ast-global-color-5-background-color has-background is-layout-constrained wp-block-group-is-layout-constrained\" id=\"campanas\"><div class=\"wp-block-group__inner-container\">\n<h2 class=\"has-text-align-center wp-block-heading\">\u00daLTIMAS CAMPA\u00d1AS<\/h2>\n\n\n\n<div class=\"wp-block-columns alignwide is-layout-flex wp-container-core-columns-is-layout-28f84493 wp-block-columns-is-layout-flex\">\n<div class=\"wp-block-column is-layout-flow wp-block-column-is-layout-flow\">\n<div class=\"inherit-container-width wp-block-group is-layout-constrained wp-block-group-is-layout-constrained\"><div class=\"wp-block-group__inner-container\">\n<figure class=\"wp-block-image aligncenter size-full\"><img loading=\"lazy\" decoding=\"async\" width=\"644\" height=\"456\" src=\"https:\/\/comerciodesantander.com\/wp-content\/uploads\/2022\/07\/decomprasweb2.jpg\" alt=\"\" class=\"wp-image-156\" srcset=\"https:\/\/comerciodesantander.com\/wp-content\/uploads\/2022\/07\/decomprasweb2.jpg 644w, https:\/\/comerciodesantander.com\/wp-content\/uploads\/2022\/07\/decomprasweb2-300x212.jpg 300w\" sizes=\"auto, (max-width: 644px) 100vw, 644px\" \/><\/figure>\n\n\n\n<h5 class=\"has-text-align-center wp-block-heading\">De Compras por Santander<\/h5>\n\n\n\n<p class=\"has-text-align-center\">ACEAS sorte\u00f3 entre los clientes de los establecimientos asociados 2 vales regalo por importe de 1.000\u20ac cada uno, que los ganadores pudieron canjear en varios de los m\u00e1s de 100 establecimientos participantes.<\/p>\n<\/div><\/div>\n<\/div>\n\n\n\n<div class=\"wp-block-column is-layout-flow wp-block-column-is-layout-flow\">\n<div class=\"inherit-container-width wp-block-group is-layout-constrained wp-block-group-is-layout-constrained\"><div class=\"wp-block-group__inner-container\">\n<figure class=\"wp-block-image aligncenter size-full\"><img loading=\"lazy\" decoding=\"async\" width=\"648\" height=\"460\" src=\"https:\/\/comerciodesantander.com\/wp-content\/uploads\/2022\/07\/SD4web.jpg\" alt=\"\" class=\"wp-image-155\" srcset=\"https:\/\/comerciodesantander.com\/wp-content\/uploads\/2022\/07\/SD4web.jpg 648w, https:\/\/comerciodesantander.com\/wp-content\/uploads\/2022\/07\/SD4web-300x213.jpg 300w\" sizes=\"auto, (max-width: 648px) 100vw, 648px\" \/><\/figure>\n\n\n\n<h5 class=\"has-text-align-center wp-block-heading\">El comercio de Santander con SD4<\/h5>\n\n\n\n<p class=\"has-text-align-center\">Con motivo del SantanderFourDays, la asociaci\u00f3n sorteo un total de 1.000\u20ac en vales de compras entre los que participaron en la marmita solidaria celebrada en el Barrio Tetu\u00e1n.<\/p>\n<\/div><\/div>\n<\/div>\n<\/div>\n<\/div><\/div>\n\n\n\n<div class=\"wp-block-cover alignfull is-light has-parallax\" style=\"background-image:url(https:\/\/comerciodesantander.com\/wp-content\/uploads\/2022\/07\/fondo2.jpg);min-height:600px;aspect-ratio:unset;\"><span aria-hidden=\"true\" class=\"wp-block-cover__background has-ast-global-color-3-background-color has-background-dim\"><\/span><div class=\"wp-block-cover__inner-container is-layout-flow wp-block-cover-is-layout-flow\">\n<div class=\"wp-block-columns alignwide are-vertically-aligned-center is-layout-flex wp-container-core-columns-is-layout-28f84493 wp-block-columns-is-layout-flex\">\n<div class=\"wp-block-column is-vertically-aligned-center is-layout-flow wp-block-column-is-layout-flow\"><\/div>\n\n\n\n<div class=\"wp-block-column is-vertically-aligned-center is-layout-flow wp-block-column-is-layout-flow\">\n<h2 class=\"has-text-color wp-block-heading\" style=\"color:#ffffff\">\u00a1AS\u00d3CIATE!<\/h2>\n\n\n\n<hr class=\"wp-block-separator has-text-color has-css-opacity has-background is-style-wide\" style=\"background-color:#ffffff;color:#ffffff\"\/>\n\n\n\n<p class=\"has-text-color\" style=\"color:#ffffff\">Si eres comerciante minorista, y tienes un establecimiento en el municipio de Santander, ponte en contacto con nosotros para conocer los servicios que prestamos y las actividades que realizamos en defensa del sector.<\/p>\n\n\n\n<div class=\"wp-block-buttons is-layout-flex wp-block-buttons-is-layout-flex\">\n<div class=\"wp-block-button\"><a class=\"wp-block-button__link\">CONTACTO<\/a><\/div>\n<\/div>\n<\/div>\n<\/div>\n<\/div><\/div>\n\n\n\n<div class=\"inherit-container-width wp-block-group alignfull has-white-background-color has-background is-layout-constrained wp-block-group-is-layout-constrained\"><div class=\"wp-block-group__inner-container\">\n<div class=\"wp-block-columns alignwide are-vertically-aligned-center is-layout-flex wp-container-core-columns-is-layout-28f84493 wp-block-columns-is-layout-flex\">\n<div class=\"wp-block-column is-vertically-aligned-center is-layout-flow wp-block-column-is-layout-flow\" style=\"flex-basis:33.33%\" id=\"servicios\">\n<h2 class=\"wp-block-heading\">nuestros <br>servicios<\/h2>\n\n\n\n<p>ACEAS pone a disposici\u00f3n de sus asociados todas las herramientas necesarias en el d\u00eda a d\u00eda de su negocio: informaci\u00f3n sobre ayudas y subvenciones, campa\u00f1as de dinamizaci\u00f3n comercial, formaci\u00f3n especializada, convenios de colaboraci\u00f3n con proveedores de servicios imprescindibles para el sector, y mucho m\u00e1s. Ponte en contacto con nosotros para conocer todo lo que ofrecemos.<\/p>\n\n\n\n<div class=\"wp-block-buttons is-layout-flex wp-block-buttons-is-layout-flex\"><\/div>\n<\/div>\n\n\n\n<div class=\"wp-block-column is-vertically-aligned-center is-layout-flow wp-block-column-is-layout-flow\" style=\"flex-basis:66.66%\">\n<figure class=\"wp-block-gallery has-nested-images columns-2 wp-block-gallery-1 is-layout-flex wp-block-gallery-is-layout-flex\">\n<figure class=\"wp-block-image size-full\"><img loading=\"lazy\" decoding=\"async\" width=\"378\" height=\"385\" data-id=\"159\" src=\"https:\/\/comerciodesantander.com\/wp-content\/uploads\/2022\/07\/front2.jpg\" alt=\"\" class=\"wp-image-159\" srcset=\"https:\/\/comerciodesantander.com\/wp-content\/uploads\/2022\/07\/front2.jpg 378w, https:\/\/comerciodesantander.com\/wp-content\/uploads\/2022\/07\/front2-295x300.jpg 295w\" sizes=\"auto, (max-width: 378px) 100vw, 378px\" \/><\/figure>\n\n\n\n<figure class=\"wp-block-image size-full\"><img loading=\"lazy\" decoding=\"async\" width=\"378\" height=\"385\" data-id=\"160\" src=\"https:\/\/comerciodesantander.com\/wp-content\/uploads\/2022\/07\/front3.jpg\" alt=\"\" class=\"wp-image-160\" srcset=\"https:\/\/comerciodesantander.com\/wp-content\/uploads\/2022\/07\/front3.jpg 378w, https:\/\/comerciodesantander.com\/wp-content\/uploads\/2022\/07\/front3-295x300.jpg 295w\" sizes=\"auto, (max-width: 378px) 100vw, 378px\" \/><\/figure>\n\n\n\n<figure class=\"wp-block-image size-full\"><img loading=\"lazy\" decoding=\"async\" width=\"379\" height=\"218\" data-id=\"161\" src=\"https:\/\/comerciodesantander.com\/wp-content\/uploads\/2022\/07\/front4.jpg\" alt=\"\" class=\"wp-image-161\" srcset=\"https:\/\/comerciodesantander.com\/wp-content\/uploads\/2022\/07\/front4.jpg 379w, https:\/\/comerciodesantander.com\/wp-content\/uploads\/2022\/07\/front4-300x173.jpg 300w\" sizes=\"auto, (max-width: 379px) 100vw, 379px\" \/><\/figure>\n\n\n\n<figure class=\"wp-block-image size-full\"><img loading=\"lazy\" decoding=\"async\" width=\"379\" height=\"218\" data-id=\"162\" src=\"https:\/\/comerciodesantander.com\/wp-content\/uploads\/2022\/07\/front5.jpg\" alt=\"\" class=\"wp-image-162\" srcset=\"https:\/\/comerciodesantander.com\/wp-content\/uploads\/2022\/07\/front5.jpg 379w, https:\/\/comerciodesantander.com\/wp-content\/uploads\/2022\/07\/front5-300x173.jpg 300w\" sizes=\"auto, (max-width: 379px) 100vw, 379px\" \/><\/figure>\n<\/figure>\n<\/div>\n<\/div>\n<\/div><\/div>\n\n\n\n<div style=\"height:100px\" aria-hidden=\"true\" class=\"wp-block-spacer\"><\/div>\n\n\n\n<div class=\"wp-block-columns is-layout-flex wp-container-core-columns-is-layout-28f84493 wp-block-columns-is-layout-flex\">\n<div class=\"wp-block-column is-layout-flow wp-block-column-is-layout-flow\" style=\"flex-basis:33.33%\">\n<figure class=\"wp-block-image size-large\"><img loading=\"lazy\" decoding=\"async\" width=\"1024\" height=\"472\" src=\"https:\/\/comerciodesantander.com\/wp-content\/uploads\/2022\/07\/logo-ACEAS-texto-1024x472.png\" alt=\"\" class=\"wp-image-5\" srcset=\"https:\/\/comerciodesantander.com\/wp-content\/uploads\/2022\/07\/logo-ACEAS-texto-1024x472.png 1024w, https:\/\/comerciodesantander.com\/wp-content\/uploads\/2022\/07\/logo-ACEAS-texto-300x138.png 300w, https:\/\/comerciodesantander.com\/wp-content\/uploads\/2022\/07\/logo-ACEAS-texto-768x354.png 768w, https:\/\/comerciodesantander.com\/wp-content\/uploads\/2022\/07\/logo-ACEAS-texto-1536x709.png 1536w, https:\/\/comerciodesantander.com\/wp-content\/uploads\/2022\/07\/logo-ACEAS-texto-2048x945.png 2048w\" sizes=\"auto, (max-width: 1024px) 100vw, 1024px\" \/><\/figure>\n<\/div>\n\n\n\n<div class=\"wp-block-column is-layout-flow wp-block-column-is-layout-flow\" style=\"flex-basis:66.66%\" id=\"contacto\">\n<h3 class=\"has-text-align-center wp-block-heading\">CONTACTA CON NOSOTROS<\/h3>\n\n\n\n<p class=\"has-text-align-center\">C\/ Vargas 47 esc. dcha. 3\u00ba puerta 6 (entrada por C\/ Tres de Noviembre 32)<br>39010 Santander (Cantabria)<br>Tel\u00e9fono: 942 232 464 &#8211; M\u00f3vil\/Whatsapp: 686 318 082<br>Email: info@coercan.net<\/p>\n<\/div>\n<\/div>\n<\/div><\/div>\n","protected":false},"excerpt":{"rendered":"<p>SOBRE LA ASOCIACI\u00d3N La Asociaci\u00f3n de Comerciantes de Santander &#8211; ACEAS representa los intereses de los profesionales del comercio minorista del municipio de Santander. Con m\u00e1s de 100 establecimientos asociados, que incluyen todas las \u00e1reas de actividad presentes en el sector, la asociaci\u00f3n trata de responder a las necesidades de los empresarios de la ciudad, [&hellip;]<\/p>\n","protected":false},"author":1,"featured_media":0,"parent":0,"menu_order":0,"comment_status":"closed","ping_status":"closed","template":"","meta":{"site-sidebar-layout":"no-sidebar","site-content-layout":"plain-container","ast-site-content-layout":"default","site-content-style":"default","site-sidebar-style":"default","ast-global-header-display":"","ast-banner-title-visibility":"","ast-main-header-display":"","ast-hfb-above-header-display":"","ast-hfb-below-header-display":"","ast-hfb-mobile-header-display":"","site-post-title":"disabled","ast-breadcrumbs-content":"","ast-featured-img":"","footer-sml-layout":"","ast-disable-related-posts":"","theme-transparent-header-meta":"enabled","adv-header-id-meta":"","stick-header-meta":"","header-above-stick-meta":"","header-main-stick-meta":"","header-below-stick-meta":"","astra-migrate-meta-layouts":"default","ast-page-background-enabled":"default","ast-page-background-meta":{"desktop":{"background-color":"","background-image":"","background-repeat":"repeat","background-position":"center center","background-size":"auto","background-attachment":"scroll","background-type":"","background-media":"","overlay-type":"","overlay-color":"","overlay-opacity":"","overlay-gradient":""},"tablet":{"background-color":"","background-image":"","background-repeat":"repeat","background-position":"center center","background-size":"auto","background-attachment":"scroll","background-type":"","background-media":"","overlay-type":"","overlay-color":"","overlay-opacity":"","overlay-gradient":""},"mobile":{"background-color":"","background-image":"","background-repeat":"repeat","background-position":"center center","background-size":"auto","background-attachment":"scroll","background-type":"","background-media":"","overlay-type":"","overlay-color":"","overlay-opacity":"","overlay-gradient":""}},"ast-content-background-meta":{"desktop":{"background-color":"var(--ast-global-color-5)","background-image":"","background-repeat":"repeat","background-position":"center center","background-size":"auto","background-attachment":"scroll","background-type":"","background-media":"","overlay-type":"","overlay-color":"","overlay-opacity":"","overlay-gradient":""},"tablet":{"background-color":"var(--ast-global-color-5)","background-image":"","background-repeat":"repeat","background-position":"center center","background-size":"auto","background-attachment":"scroll","background-type":"","background-media":"","overlay-type":"","overlay-color":"","overlay-opacity":"","overlay-gradient":""},"mobile":{"background-color":"var(--ast-global-color-5)","background-image":"","background-repeat":"repeat","background-position":"center center","background-size":"auto","background-attachment":"scroll","background-type":"","background-media":"","overlay-type":"","overlay-color":"","overlay-opacity":"","overlay-gradient":""}},"footnotes":""},"class_list":["post-133","page","type-page","status-publish","hentry"],"_links":{"self":[{"href":"https:\/\/comerciodesantander.com\/index.php\/wp-json\/wp\/v2\/pages\/133","targetHints":{"allow":["GET"]}}],"collection":[{"href":"https:\/\/comerciodesantander.com\/index.php\/wp-json\/wp\/v2\/pages"}],"about":[{"href":"https:\/\/comerciodesantander.com\/index.php\/wp-json\/wp\/v2\/types\/page"}],"author":[{"embeddable":true,"href":"https:\/\/comerciodesantander.com\/index.php\/wp-json\/wp\/v2\/users\/1"}],"replies":[{"embeddable":true,"href":"https:\/\/comerciodesantander.com\/index.php\/wp-json\/wp\/v2\/comments?post=133"}],"version-history":[{"count":13,"href":"https:\/\/comerciodesantander.com\/index.php\/wp-json\/wp\/v2\/pages\/133\/revisions"}],"predecessor-version":[{"id":193,"href":"https:\/\/comerciodesantander.com\/index.php\/wp-json\/wp\/v2\/pages\/133\/revisions\/193"}],"wp:attachment":[{"href":"https:\/\/comerciodesantander.com\/index.php\/wp-json\/wp\/v2\/media?parent=133"}],"curies":[{"name":"wp","href":"https:\/\/api.w.org\/{rel}","templated":true}]}}